75
Let b(f) = -f**3 + 72*f**2 + 442*f + 2222. Give b(78).
194
Let c(d) = 1942*d - 14510. Determine c(7).
-916
Let m(u) = 2*u**3 - 81*u**2 - 24763*u + 1013607. Give m(41).
5
Let q(x) = -30*x**2 + 2547*x + 351. Give q(85).
96
Let n(q) = -q**2 - 18540*q + 278223. Give n(15).
-102
Let q(v) = v**2 + 4301*v + 3894498. Calculate q(-1296).
18
Let r(m) = 2*m**3 - 13*m**2 + 192*m - 1176. Determine r(6).
-60
Let h(g) = g**3 - 510*g**2 - 1012*g - 6134. What is h(512)?
10
Let w(g) = 2377*g - 17330. Determine w(7).
-691
Let d(x) = -4*x**2 + 227*x + 680. What is d(-3)?
-37
Let c(b) = -10*b**3 + 581*b**2 - 676*b + 2577. Determine c(57).
-216
Let h(w) = -2233*w - 11213. Determine h(-5).
-48
Let y(d) = d**3 - 101*d**2 + 1898*d - 285. What is y(76)?
-437
Let b(p) = -2959*p - 17902. Calculate b(-6).
-148
Let f(g) = g**3 + 41*g**2 + 4877*g + 18917. Calculate f(-4).
1
Let z(n) = -258*n - 482. Give z(2).
-998
Let x(t) = t**3 - 351*t**2 + 593*t + 36871. Give x(349).
226
Let x(i) = -i**2 + 128*i + 54466. What is x(-178)?
-2
Let t(o) = 2*o**3 + 74*o**2 - 360*o - 10534. Give t(-38).
258
Let u(x) = -10*x**2 + 1231*x - 116. What is u(122)?
1226
Let m(v) = 8*v**2 - 765*v + 5418. Determine m(7).
455
Let z(q) = 2*q**3 - 122*q**2 + 184*q - 3709. Calculate z(60).
131
Let d(w) = 780*w + 1576. Calculate d(1).
2356
Let q(g) = g**2 + 7510*g + 22517. Determine q(-3).
-4
Let z(s) = s**2 - 8*s + 1346. Give z(0).
1346
Let k(p) = -5764*p - 6619. Give k(-1).
-855
Let o(p) = 22*p**2 - 608*p + 653. What is o(27)?
275
Let r(u) = -2*u**3 - 203*u**2 - 97*u + 40. What is r(-101)?
-364
Let c(h) = 69*h**2 - 3463*h + 193. What is c(50)?
-457
Let z(y) = -3*y**2 - 2088*y - 6262. Determine z(-3).
-25
Let f(x) = 47*x + 175. Determine f(13).
786
Let w(m) = -m**3 + 30*m**2 + 121*m - 4240. What is w(29)?
110
Let m(o) = 57060*o + 342373. Determine m(-6).
13
Let b(j) = -26029*j - 156324. Give b(-6).
-150
Let f(u) = -918*u + 22050. Calculate f(24).
18
Let q(y) = y**2 + 231*y + 10004. Determine q(-155).
-1776
Let q(l) = -l**2 - 1040*l + 23397. What is q(22)?
33
Let d(h) = 3*h**3 - 81*h**2 - 113*h + 3112. Calculate d(27).
61
Let y(i) = i**3 + 82*i**2 - 5*i - 6964. What is y(-81)?
2
Let b(h) = 19*h**2 + 8*h + 22. Give b(-4).
294
Let v(z) = 2*z**3 - 78*z**2 + 513*z - 79. Determine v(8).
57
Let d(c) = -30*c**2 - 135*c - 824. Determine d(-6).
-1094
Let u(n) = -8211*n - 131497. What is u(-16)?
-121
Let f(r) = -7*r**3 + 350*r**2 - 2*r - 426. Determine f(50).
-526
Let j(y) = 3176*y - 822559. Give j(259).
25
Let c(q) = 15721*q - 141512. Calculate c(9).
-23
Let x(h) = -2*h**2 + 39857*h - 398379. Give x(10).
-9
Let c(f) = -149*f**2 - 3118*f - 7851. Calculate c(-18).
-3
Let l(u) = -u**3 - 15*u**2 - 692*u - 8451. Give l(-13).
207
Let n(t) = -62114*t - 2546718. Determine n(-41).
-44
Let a(j) = 99*j**2 - 5740*j - 5914. Give a(59).
45
Let r(p) = -3*p**2 - 540*p - 14797. What is r(-31)?
-940
Let b(s) = -s**3 - 7*s**2 - 1267*s - 10190. Give b(-8).
10
Let x(p) = 3*p**3 - 812*p**2 - 3227*p + 1017081. Calculate x(270).
-9
Let w(q) = 54*q - 1222. What is w(21)?
-88
Let b(s) = -1151*s + 16089. Calculate b(14).
-25
Let u(p) = 11954*p - 59663. Give u(5).
107
Let t(h) = -h**3 + 1132*h**2 - 1584*h - 2035590. What is t(1129)?
-3
Let q(d) = 76*d**3 - 19*d**2 + 51*d - 30. Determine q(1).
78
Let g(p) = p**2 + 86*p - 305. Give g(39).
4570
Let t(x) = -9781*x - 1633422. What is t(-167)?
5
Let u(k) = 26*k + 10593. Determine u(-408).
-15
Let g(y) = -11*y**2 - 3406*y - 2321. Calculate g(-309).
-158
Let l(k) = -13927*k + 264533. What is l(19)?
-80
Let t(q) = 4131*q - 45099. Determine t(11).
342
Let f(v) = -v**3 + 218*v**2 + 647*v + 3594. Determine f(221).
58
Let s(d) = -4*d**2 - 2037*d + 10308. Calculate s(5).
23
Let a(g) = 6*g**2 - 61*g + 440. Give a(10).
430
Let n(c) = -26*c + 1093. Calculate n(27).
391
Let t(y) = 189*y - 25499. What is t(137)?
394
Let v(t) = -2269912*t - 47668157. What is v(-21)?
-5
Let l(d) = 20951*d + 1655132. Give l(-79).
3
Let j(b) = -6*b**3 + 18*b**2 - 16*b + 22. Give j(4).
-138
Let c(m) = 241*m**2 - 1677*m + 1397. Calculate c(6).
11
Let s(h) = -h**3 + 474*h**2 - 15821*h + 1919. What is s(36)?
11
Let r(v) = -v**3 + 108*v**2 - 1542*v - 417. Calculate r(91).
38
Let o(a) = 4*a**2 - 972*a - 13331. What is o(-13)?
-19
Let d(w) = -w**2 - 851*w - 21604. What is d(-26)?
-154
Let z(o) = o**3 + 109*o**2 - 2045*o - 39723. Give z(-123).
6
Let l(t) = t**3 - 38*t**2 + 308*t + 677. What is l(24)?
5
Let z(q) = -q**3 - 140*q**2 - 2049*q - 224372. What is z(-137)?
34
Let t(g) = 1134*g**2 - 109*g - 117. Give t(-1).
1126
Let t(k) = 36*k**2 + 476*k - 3935. What is t(-19)?
17
Let t(b) = -6*b**2 + 4378*b + 14327. What is t(733)?
-333
Let u(x) = 1085*x - 2285. Determine u(2).
-115
Let w(f) = 16*f**2 + 26*f + 41. Calculate w(-6).
461
Let a(j) = -29*j**3 + 69*j**2 + 2969*j + 22. Calculate a(-9).
31
Let r(i) = -1669*i - 70148. Calculate r(-42).
-50
Let j(o) = -13*o**2 + 3698*o - 19820. What is j(279)?
-11
Let c(r) = r**2 - 58795*r + 293943. Determine c(5).
-7
Let d(y) = -8*y**3 - 3*y**2 - 10021*y + 10024. Determine d(1).
-8
Let u(s) = -111*s - 2489. Determine u(-21).
-158
Let h(w) = 7*w**3 + 36*w**2 - 260*w - 149. Calculate h(-9).
4
Let j(x) = x**3 + 1062*x**2 + 14691*x + 90. Give j(-14).
-176
Let b(z) = 13654*z + 13785. Determine b(-1).
131
Let w(i) = i**2 + 210*i + 10249. Calculate w(-122).
-487
Let k(r) = -3*r**2 + 912*r + 16622. Calculate k(-19).
-1789
Let q(h) = -2*h**3 + 207*h**2 - 319*h + 1399. Give q(102).
73
Let x(f) = 2*f**2 - 369*f + 3978. What is x(173)?
-1
Let i(d) = 45*d**3 + d**2 - 2*d. Give i(3).
1218
Let o(c) = 3*c**3 - 282*c**2 + 2755*c - 162. Determine o(11).
14
Let g(a) = -147*a**2 - 27*a - 242. Calculate g(-4).
-2486
Let y(p) = 2*p**2 + 48*p + 94. Determine y(-23).
48
Let i(h) = -7899*h + 7790. Give i(1).
-109
Let u(a) = 1181*a - 34219. Determine u(29).
30
Let h(o) = -1836*o**2 + 117500*o + 236. What is h(64)?
-20
Let z(q) = q**3 + 41*q**2 - 104*q - 37. Determine z(-43).
737
Let a(u) = u**3 - 11*u**2 - 51*u + 446. Give a(9).
-175
Let f(s) = 5571*s**2 - 50137*s - 16. Give f(9).
2
Let o(n) = -8793*n + 668241. Determine o(76).
-27
Let v(h) = 276*h - 57. Determine v(-3).
-885
Let i(p) = -4*p**3 + 18*p**2 + 516*p + 1720. Calculate i(-4).
200
Let a(p) = 2*p**2 - 2079*p + 534051. Determine a(464).
-13
Let h(v) = 537*v + 40055. Calculate h(-67).
4076
Let o(y) = 71007*y + 1491131. Determine o(-21).
-16
Let z(u) = u**3 - 10*u**2 - 1897*u + 20716. Calculate z(11).
-30
Let t(c) = -7957*c + 310352. What is t(39)?
29
Let a(l) = -3*l**2 - 144*l - 589. What is a(-9)?
464
Let f(g) = -1691*g - 77864. Determine f(-46).
-78
Let h(k) = 4517*k - 7984. Give h(2).
1050
Let h(c) = -34038*c**2 + 374418*c - 11. What is h(11)?
-11
Let x(w) = 2*w**3 - 2*w**2 - 41*w - 315. Determine x(-7).
-812
Let t(m) = -m**3 + 542*m**2 - 771*m - 166865. Give t(540).
-5
Let l(s) = -4*s**2 - 577*s - 16525. Give l(-105).
-40
Let a(z) = z**3 + 66*z**2 - 1059*z + 3014. Determine a(10).
24
Let g(v) = 7*v**3 - 1361*v**2 + 583*v - 134. Give g(194).
60
Let v(q) = -2*q**2 - 31572*q + 853872. Calculate v(27).
-30
Let f(i) = -3*i**3 - 49*i**2 - 197*i - 223. Give f(-11).
8
Let o(u) = -1438*u + 6703. Determine o(4).
951
Let o(p) = 18*p**2 - 386*p + 1110. Calculate o(18).
-6
Let m(r) = -72*r**2 + 11550*r - 4806. Calculate m(160).
-6
Let j(r) = 272*r - 39. Determine j(5).
1321
Let r(s) = 4*s**3 + 35591*s**2 + 106736*s - 8. What is r(-3)?
-5
Let u(m) = -2918*m + 3346938. Calculate u(1147).
-8
Let y(k) = 7*k**3 + 350*k**2 - 212*k - 10606. Calculate y(-50).
-6
Let v(f) = -472*f**2 + 69*f - 68. What is v(1)?
-471
Let k(l) = 7*l**2 - 16441*l - 147964. Determine k(-9).
572
Let l(g) = -g**3 + 35*g**2 + 452*g - 83. What is l(45)?
7
Let n(f) = f**3 + 18*f**2 + 9*f + 56. Give n(-4).
244
Let x(j) = 1388*j - 112660. Calculate x(81).
-232
Let r(d) = -74*d**2 + 490*d - 450. Determine r(5).
150
Let q(r) = -2*r**3 + 384*r**2 + 6678*r - 4560. Give q(208).
16
Let k(r) = 14*r**2 - 807*r + 9852. Give k(40).
-28
Let b(i) = -3*i**2 - 26986*i - 188880. Calculate b(-7).
-125
Let d(m) = -9047*m**2 - 45239*m - 18. What is d(-5)?
2
Let u(j) = -8*j**2 + 35102*j + 316574. What is u(-9)?
8
Let c(r) = -128*r**3 + 24*r**2 + 43*r - 8. Calculate c(-2).
1026
Let c(w) = -w**2 - 17767*w - 532117. Calculate c(-30).
